{"id":17023,"date":"2026-03-24T09:52:44","date_gmt":"2026-03-24T09:52:44","guid":{"rendered":"https:\/\/oferxa.com.es\/index.php\/producto\/b0grlgpwqm-2\/"},"modified":"2026-03-24T09:52:44","modified_gmt":"2026-03-24T09:52:44","slug":"b0grlgpwqm-2","status":"publish","type":"product","link":"https:\/\/oferxa.com.es\/index.php\/producto\/b0grlgpwqm-2\/","title":{"rendered":"B0GRLGPWQM"},"content":{"rendered":"<p>&#8211; \u3010Repelente para Gatos\u3011 Puede ajustar la sensibilidad y la frecuencia del elemento siguiendo el manual del usuario, de acuerdo con los diferentes entornos para aumentar el rango de protecci\u00f3n. Consejos de instalaci\u00f3n: simplemente instale el repelente de gatos apuntando hacia el \u00e1rea que desea proteger y col\u00f3quelo en un lugar muy soleado.<br \/>\n&#8211; \u3010Inofensivo para humanos y animales\u3011 El repelente ultras\u00f3nico de topos de tipo solar emite fuertes ondas de vibraci\u00f3n y pitidos. Hace que los animales se sientan inc\u00f3modos y pueden ser repelidos sin da\u00f1arlos. Debido a que es un sensor ultras\u00f3nico, puede escuchar un peque\u00f1o sonido. Es inofensivo para humanos y animales, pero se recomienda colocarlo al aire libre.<br \/>\n&#8211; \u3010Carga solar\u3011Alimentado por c\u00e9lula solar, no requiere bater\u00eda adicional. Instal\u00e1ndolo en un lugar soleado, siempre puede cargar la bater\u00eda integrada y no tiene que preocuparse por quedarse sin bater\u00eda. Dado que el rendimiento de precisi\u00f3n del panel solar se ha mejorado. Una carga completa puede seguir funcionando durante 5-7 d\u00edas para garantizar el trabajo normal en d\u00edas lluviosos o nublados.<br \/>\n&#8211; \u3010Amplia gama de trabajo efectivo\u3011Para obtener un rendimiento \u00f3ptimo, se recomienda colocar los repelentes para topos cada 70 pies en el c\u00e9sped. Los pulsos s\u00f3nicos emitidos 3-4s pulsos s\u00f3nicos durante cada 30 segundos, penetra en el suelo y tambi\u00e9n obliga a los par\u00e1sitos a evacuar el \u00e1rea a trav\u00e9s de la cual viaja el sonido.<br \/>\n&#8211; \u3010IP44 impermeable y f\u00e1cil de instalar\u3011 Este repelente para gatos es IP44 impermeable. Es capaz de soportar la lluvia normal. Nota: si hay tormentas el\u00e9ctricas o hace mal tiempo, se recomienda llevarlo a interiores. Se puede instalar en cualquier lugar de la casa, jard\u00edn o patio, jardines, patios, entradas de veh\u00edculos, campos, c\u00e9sped, bordes, garajes, granjas y todas las \u00e1reas al aire libre.<\/p>\n","protected":false},"excerpt":{"rendered":"<p>Repelente para Gatos, Ahuyentadores de Gatos Exterior Multifuncionales, bolardos para Palomas, 2025 Nuevo ultrasonido Solar Repelente para Palomas, p\u00e1jaros, Perros, Ratones, Zorros<\/p>\n","protected":false},"featured_media":17022,"comment_status":"open","ping_status":"closed","template":"","meta":[],"product_cat":[15],"product_tag":[],"class_list":{"0":"post-17023","1":"product","2":"type-product","3":"status-publish","4":"has-post-thumbnail","6":"product_cat-sin-categorizar","8":"first","9":"instock","10":"shipping-taxable","11":"product-type-external"},"_links":{"self":[{"href":"https:\/\/oferxa.com.es\/index.php\/wp-json\/wp\/v2\/product\/17023","targetHints":{"allow":["GET"]}}],"collection":[{"href":"https:\/\/oferxa.com.es\/index.php\/wp-json\/wp\/v2\/product"}],"about":[{"href":"https:\/\/oferxa.com.es\/index.php\/wp-json\/wp\/v2\/types\/product"}],"replies":[{"embeddable":true,"href":"https:\/\/oferxa.com.es\/index.php\/wp-json\/wp\/v2\/comments?post=17023"}],"wp:featuredmedia":[{"embeddable":true,"href":"https:\/\/oferxa.com.es\/index.php\/wp-json\/wp\/v2\/media\/17022"}],"wp:attachment":[{"href":"https:\/\/oferxa.com.es\/index.php\/wp-json\/wp\/v2\/media?parent=17023"}],"wp:term":[{"taxonomy":"product_cat","embeddable":true,"href":"https:\/\/oferxa.com.es\/index.php\/wp-json\/wp\/v2\/product_cat?post=17023"},{"taxonomy":"product_tag","embeddable":true,"href":"https:\/\/oferxa.com.es\/index.php\/wp-json\/wp\/v2\/product_tag?post=17023"}],"curies":[{"name":"wp","href":"https:\/\/api.w.org\/{rel}","templated":true}]}}