{"id":12279,"date":"2025-09-27T12:00:38","date_gmt":"2025-09-27T12:00:38","guid":{"rendered":"https:\/\/oferxa.com.es\/index.php\/producto\/b0000acov0\/"},"modified":"2025-09-27T12:00:38","modified_gmt":"2025-09-27T12:00:38","slug":"b0000acov0","status":"publish","type":"product","link":"https:\/\/oferxa.com.es\/index.php\/producto\/b0000acov0\/","title":{"rendered":"B0000ACOV0"},"content":{"rendered":"<p>&#8211; Juego de 3 cuchillos para cocineros profesionales y para aficionados: Cuchillo para mechar y para cortar frutas y verduras (longitud de la hoja: 10 cm), cuchillo para carne (16 cm) para piezas de carne m\u00e1s grandes, cuchillo multifuncional para cocinero (20 cm)<br \/>\n&#8211; Cuchillos de alta calidad: afilado duradero, estabilidad y flexibilidad gracias a la hoja de FRIODUR endurecida con hielo, fabricada de una sola pieza de acero forjado con precisi\u00f3n<br \/>\n&#8211; Manipulaci\u00f3n c\u00f3moda y segura: Mango ergon\u00f3mico y antideslizante, Distribuci\u00f3n equilibrada del peso de la hoja y el mango para un corte sin fatiga, Refuerzo con protector para dedos integrado<br \/>\n&#8211; Hecho en Alemania &#8211; Forjado en acero inoxidable especial, Mango de pl\u00e1stico robusto dise\u00f1ado con 3 remaches, Duradero, Resistente a la corrosi\u00f3n, Se recomienda un lavado a mano<br \/>\n&#8211; Contenido: 1 x ZWILLING Juego de cuchillos, 3 piezas Professional S, 1 x Cuchillo para mechar (10 cm\/65 g), 1 x Cuchillo para carne (16 cm\/137 g), 1 x Cuchillo de chef (20 cm\/257 g), Material: mango especial de acero\/pl\u00e1stico, 35602-000-0<\/p>\n","protected":false},"excerpt":{"rendered":"<p>ZWILLING Juego de cuchillos, 3 piezas, cuchillo para manteca de cerdo, para carne, de chef, Mango especial de acero inoxidable\/pl\u00e1stico, Professional S<\/p>\n","protected":false},"featured_media":12278,"comment_status":"open","ping_status":"closed","template":"","meta":[],"product_cat":[15],"product_tag":[],"class_list":{"0":"post-12279","1":"product","2":"type-product","3":"status-publish","4":"has-post-thumbnail","6":"product_cat-sin-categorizar","8":"first","9":"instock","10":"shipping-taxable","11":"product-type-external"},"_links":{"self":[{"href":"https:\/\/oferxa.com.es\/index.php\/wp-json\/wp\/v2\/product\/12279","targetHints":{"allow":["GET"]}}],"collection":[{"href":"https:\/\/oferxa.com.es\/index.php\/wp-json\/wp\/v2\/product"}],"about":[{"href":"https:\/\/oferxa.com.es\/index.php\/wp-json\/wp\/v2\/types\/product"}],"replies":[{"embeddable":true,"href":"https:\/\/oferxa.com.es\/index.php\/wp-json\/wp\/v2\/comments?post=12279"}],"wp:featuredmedia":[{"embeddable":true,"href":"https:\/\/oferxa.com.es\/index.php\/wp-json\/wp\/v2\/media\/12278"}],"wp:attachment":[{"href":"https:\/\/oferxa.com.es\/index.php\/wp-json\/wp\/v2\/media?parent=12279"}],"wp:term":[{"taxonomy":"product_cat","embeddable":true,"href":"https:\/\/oferxa.com.es\/index.php\/wp-json\/wp\/v2\/product_cat?post=12279"},{"taxonomy":"product_tag","embeddable":true,"href":"https:\/\/oferxa.com.es\/index.php\/wp-json\/wp\/v2\/product_tag?post=12279"}],"curies":[{"name":"wp","href":"https:\/\/api.w.org\/{rel}","templated":true}]}}